ird derivative of y**4/24 + 5*y**3/3 - y**2. Suppose -5*n = t + 19, 7 + 32 = -3*n + 4*t. Determine p(n).
5
Suppose 0 = 2*h + 2, g - 3*h - 22 = -0. Let b(c) = -2*c + 16 + g - 33 + c**3 + 3*c**2. Give b(-4).
-6
Suppose 5*y - 5*x - 530 = 0, -4*y + 4*x = 3*x - 421. Let j(q) = -y - 2*q + 106 - 2*q + 5*q. Determine j(-6).
-5
Suppose -34 = 120*p - 154. Let r(v) be the first derivative of v**5/120 - v**4/24 + v**3/3 - 1. Let q(s) be the third derivative of r(s). What is q(p)?
0
Let m(l) = -2*l. Let s be -4 + 3 + 2 + -1. Let n(f) = -2*f**2 - 4. Let b be n(s). What is m(b)?
8
Let y(r) = -9*r**3 + 3 - 14*r**3 + 22*r**3 - 7*r**2. Calculate y(-3).
-33
Let r(v) = v**2 - 8*v + 5. Let c = -81 - -117. Let i = 42 - c. Determine r(i).
-7
Let c(i) = -i + 5. Suppose r + 6 = -2*r + 3*k, -3*r - 2*k = 11. Let d(o) = o**2 - 5. Let x be d(r). Calculate c(x).
1
Let y(x) = -2*x**2 - 25*x - 6. Let w = -665 + 653. Give y(w).
6
Suppose 28 - 25 = t. Let s(d) = -t*d + 4*d - 2 + 0*d. Let u = -6 + 0. What is s(u)?
-8
Let a(r) be the second derivative of 5*r**4/12 + r**3/6 - r**2/2 + r. Let f = -68 - -69. Calculate a(f).
5
Let x(q) = -13*q**2 + 25*q - 25. Let r(v) be the third derivative of 7*v**5/60 - 13*v**4/24 + 13*v**3/6 + 34*v**2. Let n(h) = -11*r(h) - 6*x(h). Give n(6).
1
Let u(k) = k**3 + 3*k**2 + k. Suppose 5*c + 3 + 7 = 0. Let n be u(c). Suppose -n*g = g - 9. Let s(p) = 2*p**2 - 3*p - 1. What is s(g)?
8
Let h(s) = -s + 4. Suppose 0 = 4*u - 5*f + 47, 5*u + 1 = 3*u - 5*f. Calculate h(u).
12
Let x(p) be the first derivative of -p**4/4 - 5*p**3/3 + 3*p**2 - 6*p + 1. Let b(t) = 2*t**2 - 6*t - 1. Let o be b(3). Let k be 1/2*(-3 + 15)*o. What is x(k)?
-6
Suppose 0 = -2*m + 5*a + 19, -6 = -5*m + 2*a + 10. Let y be m/(-2) - -3 - -2. Let c(p) be the first derivative of p**3/3 - p**2 - 25. Give c(y).
8
Let n(f) = 16*f**3 - 11*f**3 - 3*f**3 - 13*f**2 + 1 - 2 + 7*f. Determine n(6).
5
Let w(u) = 6*u**2 + 14*u - 49. Let f(r) = 5*r**2 + 14*r - 48. Let z(j) = -5*f(j) + 4*w(j). Let i be z(-17). Let y(d) = d**2 + 7*d + 1. Give y(i).
1
Let l(o) = -19*o + 451. Let d be l(25). Let m(v) = v**3 + 25*v**2 + 25*v + 31. Determine m(d).
7
Let o(w) = -4*w**3 - 4*w**2 - 2*w + 1. Let n = 204 + -206. Determine o(n).
21
Let o be 135/108 - 125/20. Let x(s) be the first derivative of -s**3/3 - 2*s**2 - 6*s + 2. What is x(o)?
-11
Let i be 1/((-9)/(-21)) + 3/(-9). Let y(s) be the first derivative of 10 - i*s**3 - 8*s - s**2 - 1/4*s**4. What is y(-6)?
4
Suppose 3*d + 0*d = 33. Let u(z) = 4 - 1 - 7 + z + 0 - 6. Determine u(d).
1
Let q(l) = l**3 - 3*l**2 - 2*l - 1. Let z(w) = -3*w**3 + 9*w**2 + 6*w + 3. Let b(f) = -11*q(f) - 4*z(f). Let m be (-6)/(-1) + -6 + 1*4. What is b(m)?
7
Suppose 11 = -3*k + 2*y, 5*k = -4*y + y + 7. Let n be (k - 0)*0/(-2). Let t(i) = i**3 + i**2 - i - 18. Give t(n).
-18
Let b = -102 + 99. Let f(a) = -a**2 + 7*a - 1. Let s(z) = z**2 - 8*z + 2. Let d(y) = b*s(y) - 4*f(y). Calculate d(5).
3
Let g be (2/(-3))/(1/(-3)). Let j(i) = i**2 - 7*i + 13. Let r be j(3). Let c(t) = 350*t - 347*t + r - 3. What is c(g)?
4
Let p(q) = 17*q**2 - 15*q + 27. Let s(x) = 12*x**2 - 10*x + 18. Let k(v) = 5*p(v) - 7*s(v). Let i = 3 + 3. What is k(i)?
15
Let c(k) = 13 + 14 + 10*k + 73. Let z(n) = -n - 9. Let u(h) = -4*c(h) - 45*z(h). Calculate u(-4).
-15
Let s(b) = -b - 7. Suppose -4*i + 24 + 8 = 4*w, 4*w = 5*i - 4. Let k be 2/w - 225/30. Calculate s(k).
0
Let b(n) = -3*n**3 - 2*n**2 + n. Suppose 0 = 4*r + 38 - 90. Let v = 11 - r. Determine b(v).
14
Let r = 42 - 37. Suppose -r*x = 3 - 18. Let y(t) = 3 + 5*t**2 + 1 + 0*t - 8*t - 4*t**2. Determine y(x).
-11
Let p(b) = -4*b + 2*b - 2*b - 3*b + 5*b + 13. What is p(9)?
-5
Suppose 2*o = q + 2, 22 = q - 4*q - 2*o. Let s(g) = 4*g + 8. Calculate s(q).
-16
Let a be 9/((-189)/35)*(-1 + 4). Let c = 1 + a. Let g(w) = -w**3 - 6*w**2 - 4*w + 5. What is g(c)?
-11
Suppose 9 = 3*h - 3*o, -5*o - 11 - 4 = -2*h. Let f(k) = -4*k - 6. Let p(x) be the first derivative of -x**2/2 - x + 37. Let u(g) = f(g) - 3*p(g). Give u(h).
-3
Let s(a) be the second derivative of a**3/6 - 8*a**2 - 4*a + 16. Give s(10).
-6
Suppose -105*j - 12 = -99*j. Let m(r) = -3*r**3 + 3*r + 3. Calculate m(j).
21
Let m(x) = x**3 + 5*x**2 + x - 10. Let k be m(-3). Let l(o) = -o**2 + 4*o + 7. What is l(k)?
2
Let x(h) = h**2 + 5*h + 5. Suppose -2*n + 0*g = 2*g - 2, -4*n - g + 16 = 0. Suppose 26 = -2*v + 2*d + 6, 0 = n*v - 2*d + 38. What is x(v)?
11
Let g = -235 + 227. Let d(b) = 2*b**2 + 9*b - 1. Calculate d(g).
55
Let i(w) = w**2 - 7*w - 2. Suppose -3*x = -88*x + 765. What is i(x)?
16
Let w(v) be the second derivative of -v**5/20 - v**4/2 - v**3/2 + 3*v**2/2 - v. Let c be (-13 + -2)*(-4*4/24)/(-2). Determine w(c).
-7
Let z = 446 - 306. Let q(s) = -51*s + z*s + 4 - 43*s - 45*s. Give q(-4).
0
Let w(v) be the second derivative of v**6/120 - v**5/10 - v**4/24 - v**3/6 - 7*v**2/2 + 13*v. Let n(j) be the first derivative of w(j). What is n(6)?
-7
Let x(r) = -2*r**2 + 10*r + 96. Let j be x(-5). Let a(k) = 2*k**2 + 9*k - 4. What is a(j)?
-8
Suppose 0 = -4*q - 2*j + 24, j = -2*q + 4*j + 12. Let g be 0 - 8 - (2 + -6). Let m(y) = 2*y + 1. Let h(a) = a. Let w(d) = g*m(d) + 6*h(d). Determine w(q).
-16
Let q(w) be the first derivative of w**2/2 + 10*w - 75. Calculate q(4).
14
Suppose -6*y - y - 14 = 0. Let z(s) = 5*s**3 + 4*s**2 - 7*s + 1. Let f(q) = 6*q**3 + 5*q**2 - 8*q + 2. Let x(r) = -4*f(r) + 5*z(r). Calculate x(y).
-5
Let k(b) = -b**3 - 5*b**2 - 8*b - 3. Let p be (-16)/3 - 732/(-549). Give k(p).
13
Suppose 4*o - 2 = 5*o - 3*n, 3*n = -2*o + 14. Let q(h) = -o*h**2 + 5*h + 4*h**2 - 7*h**2 + 11 + h**3 - 16*h. Calculate q(8).
-13
Let v be (-1 + 2/8)*16/(-4). Let r(b) = 3*b**2 - 10*b**2 - 7*b**v + 6*b**2 - b. Calculate r(-1).
7
Let v(l) be the first derivative of l**6/72 + l**5/120 - l**4/24 + 5*l**3/3 + 1. Let s(p) be the third derivative of v(p). Let w = -41 + 42. Calculate s(w).
5
Let i(w) = 6*w + 10. Let y = -709 + 705. What is i(y)?
-14
Let s be (-2)/12 - 385/66. Let v(h) = -h**3 - 6*h**2 - 2*h - 3. Give v(s).
9
Let s(m) = -2*m**2 + 1. Let x(c) = 7*c**2 - 10*c - 16. Let r(i) = 5*i + 54. Let k be r(-10). Let g(f) = k*s(f) + x(f). Let b be (1/(-3) - 1)*6. What is g(b)?
4
Suppose i = 4*d - 8, 3*d + 0 - 1 = 2*i. Let q(o) = -2*o**2 - 8*o. Let b(c) = -3*c**2 - 9*c + 1. Let f(g) = -3*b(g) + 4*q(g). Determine f(i).
-7
Suppose 4*j + 8 = 5*v, 8*v + j = 3*v - 2. Suppose -12*n + 20*n - 64 = v. Let y(d) = d**2 - 8*d - 6. What is y(n)?
-6
Suppose -2 = 12*t - 50. Let m be 16/t + -4 - (5 - 3). Let n(p) be the first derivative of -3*p**2/2 - p + 2. Calculate n(m).
5
Let z(c) be the first derivative of 0*c**2 + 3*c + 2*c - 2 - c**2 + 3. Let a = 3 - -1. Give z(a).
-3
Let u(l) = 7*l**3 + 4*l**2 + 2*l. Suppose f - 3*f + 2*k = 4, 4*k + 2 = -f. What is u(f)?
-44
Let u(o) = 14*o + 5. Let f(b) = 8*b + 4. Let d(w) = -5*f(w) + 3*u(w). Determine d(6).
7
Let m(h) be the third derivative of h**7/840 - h**6/180 - h**5/120 - 4*h**3 - 28*h**2. Let v(y) be the first derivative of m(y). What is v(3)?
6
Let m(y) = -y**2 - 13*y - 11. Let l be m(-12). Let q(k) be the third derivative of 0*k - 1/20*k**6 + 0*k**5 + 0*k**4 + 0 + 0*k**3 + 2*k**2. Calculate q(l).
-6
Let o(k) = -11*k**3 + k**2. Let y be -1*((-2)/1 + 2). Suppose 5*s - 4*d - 3 = y, -s + d + 3 = 2. What is o(s)?
12
Suppose 0 = 4*f - 3*f - 5. Suppose 2*t + 3 = -m, 9 = m - f*t + t. Let a(u) = 4*u**3 + u**2 + u - 1. What is a(m)?
5
Suppose 3*j = -3*y + 3, -4*j - 3*y = -5*y - 10. Let g(q) = j + 4*q**2 - 1 - 2*q**2. Give g(1).
3
Let j(t) = -2*t**3 + 9*t**2 + 5*t + 2. Let u be j(5). Let z(p) = -1 - 16*p**u + 3*p**2 + 0 - p**2. Let s be 1*(2 - 1) + -2. Determine z(s).
-15
Let c(f) = 10*f**2 - 6*f + 1. Let s(z) = z**2 - z. Let b(a) = c(a) - 6*s(a). Let d be ((10 - 4) + -5)/(-2 + 1). What is b(d)?
5
Suppose 5*y + 0*y = -20. Let d be (-10)/15 + (-2571)/(-9). Let b(q) = -3 + 284*q**2 - d*q**2 + 0*q - 2*q. Determine b(y).
-11
Let x(p) = -17*p**2 + 30*p**2 - 14*p**2 - 2*p + 9. Calculate x(-4).
1
Let x(s) be the second derivative of s**6/240 + s**5/20 + 11*s**4/4 + 4*s. Let p(q) be the third derivative of x(q). Give p(-4).
-6
Let m(l) = 57*l**3 + 12 + 83*l**3 - 141*l**3 - 15*l - 16*l**2. What is m(-15)?
12
Let g be (-3 + -2 + 3)*-1. Let u(k) = g*k**3 - k**3 - 7 + 2*k + 18*k**2 + k - 24*k**2. Give u(6).
11
Let a(h)